{"id":11931,"date":"2024-12-12T11:58:44","date_gmt":"2024-12-12T09:58:44","guid":{"rendered":"https:\/\/lacasetadelsprats.com\/termes-i-condicions\/"},"modified":"2025-07-31T09:59:06","modified_gmt":"2025-07-31T07:59:06","slug":"termes-i-condicions","status":"publish","type":"page","link":"https:\/\/lacasetadelsprats.com\/es\/termes-i-condicions\/","title":{"rendered":"T\u00e9rminos y condiciones"},"content":{"rendered":"\t\t<div data-elementor-type=\"wp-page\" data-elementor-id=\"11931\" class=\"elementor elementor-11931 elementor-10437\" data-elementor-post-type=\"page\">\n\t\t\t\t<div class=\"elementor-element elementor-element-bc7d31f e-flex e-con-boxed elementor-invisible e-con e-parent\" data-id=\"bc7d31f\" data-element_type=\"container\" data-settings=\"{&quot;animation&quot;:&quot;fadeIn&quot;}\">\n\t\t\t\t\t<div class=\"e-con-inner\">\n\t\t\t\t<div class=\"elementor-element elementor-element-d38d947 elementor-widget elementor-widget-heading\" data-id=\"d38d947\" data-element_type=\"widget\" data-widget_type=\"heading.default\">\n\t\t\t\t<div class=\"elementor-widget-container\">\n\t\t\t\t\t<h2 class=\"elementor-heading-title elementor-size-default\">T\u00e9rminos y condiciones<\/h2>\t\t\t\t<\/div>\n\t\t\t\t<\/div>\n\t\t\t\t<div class=\"elementor-element elementor-element-f501ad3 elementor-widget elementor-widget-text-editor\" data-id=\"f501ad3\" data-element_type=\"widget\" data-widget_type=\"text-editor.default\">\n\t\t\t\t<div class=\"elementor-widget-container\">\n\t\t\t\t\t\t\t\t\t<p><strong>Reservas:<\/strong>\u00a0Se pedir\u00e1 una paga y se\u00f1al del 20% en el momento de la reserva. El 80% restante se pagar\u00e1 en efectivo a su llegada.<\/p><p>El cheque regalo que aparece en la web no tiene ninguna validez si no se efect\u00faa una reserva aparte.<\/p><p><strong>Entrada:\u00a0<\/strong>a partir de las 17:00.<\/p><p>Precios:\u00a0consulte precios en el calendario o en info@lacasetadelsprats.com. Precios con IVA y tasa tur\u00edstica incluidos.<\/p><p>La Caseta dels Prats se reserva el derecho a modificar las fechas de la reserva si por condiciones climatol\u00f3gicas extremas el acceso a la Caseta dels Prats se ve restringido.<\/p><p>La empresa no se hace responsable de accidentes personales que puedan derivarse del mal uso de las instalaciones o de accidentes que puedan ocurrir durante la estancia o en la participaci\u00f3n en talleres. La empresa tampoco se hace responsable de hurtos o robos de objetos de valor en nuestras instalaciones.<\/p>\t\t\t\t\t\t\t\t<\/div>\n\t\t\t\t<\/div>\n\t\t\t\t\t<\/div>\n\t\t\t\t<\/div>\n\t\t\t\t<\/div>\n\t\t","protected":false},"excerpt":{"rendered":"<p>T\u00e9rminos y condiciones Reservas:\u00a0Se pedir\u00e1 una paga y se\u00f1al del 20% en el momento de la reserva. El 80% restante&#8230; <span class=\"knsl-el-more\"><a href=\"https:\/\/lacasetadelsprats.com\/es\/termes-i-condicions\/\" class=\"knsl-btn\">Read more<span class=\"screen-reader-text\">Read more&nbsp;T\u00e9rminos y condiciones<\/span><\/a><\/span><\/p>\n","protected":false},"author":1,"featured_media":0,"parent":0,"menu_order":0,"comment_status":"closed","ping_status":"closed","template":"template-layout-builder.php","meta":{"_acf_changed":false,"footnotes":""},"class_list":["post-11931","page","type-page","status-publish","hentry"],"acf":[],"yoast_head":"<!-- This site is optimized with the Yoast SEO plugin v24.5 - https:\/\/yoast.com\/wordpress\/plugins\/seo\/ -->\n<title>T\u00e9rminos y condiciones | La Caseta dels Prats<\/title>\n<meta name=\"description\" content=\"P\u00e1gina de los t\u00e9rminos y condiciones de la reserva y estancia en la Caseta dels Prats.\" \/>\n<meta name=\"robots\" content=\"index, follow, max-snippet:-1, max-image-preview:large, max-video-preview:-1\" \/>\n<link rel=\"canonical\" href=\"https:\/\/lacasetadelsprats.com\/es\/termes-i-condicions\/\" \/>\n<meta property=\"og:locale\" content=\"es_ES\" \/>\n<meta property=\"og:type\" content=\"article\" \/>\n<meta property=\"og:title\" content=\"T\u00e9rminos y condiciones | La Caseta dels Prats\" \/>\n<meta property=\"og:description\" content=\"P\u00e1gina de los t\u00e9rminos y condiciones de la reserva y estancia en la Caseta dels Prats.\" \/>\n<meta property=\"og:url\" content=\"https:\/\/lacasetadelsprats.com\/es\/termes-i-condicions\/\" \/>\n<meta property=\"og:site_name\" content=\"La Caseta dels Prats\" \/>\n<meta property=\"article:modified_time\" content=\"2025-07-31T07:59:06+00:00\" \/>\n<meta property=\"og:image\" content=\"https:\/\/lacasetadelsprats.com\/wp-content\/uploads\/2024\/11\/logo.png\" \/>\n\t<meta property=\"og:image:width\" content=\"400\" \/>\n\t<meta property=\"og:image:height\" content=\"61\" \/>\n\t<meta property=\"og:image:type\" content=\"image\/png\" \/>\n<meta name=\"twitter:card\" content=\"summary_large_image\" \/>\n<meta name=\"twitter:label1\" content=\"Tiempo de lectura\" \/>\n\t<meta name=\"twitter:data1\" content=\"1 minuto\" \/>\n<script type=\"application\/ld+json\" class=\"yoast-schema-graph\">{\"@context\":\"https:\/\/schema.org\",\"@graph\":[{\"@type\":\"WebPage\",\"@id\":\"https:\/\/lacasetadelsprats.com\/es\/termes-i-condicions\/\",\"url\":\"https:\/\/lacasetadelsprats.com\/es\/termes-i-condicions\/\",\"name\":\"T\u00e9rminos y condiciones | La Caseta dels Prats\",\"isPartOf\":{\"@id\":\"https:\/\/lacasetadelsprats.com\/es\/#website\"},\"datePublished\":\"2024-12-12T09:58:44+00:00\",\"dateModified\":\"2025-07-31T07:59:06+00:00\",\"description\":\"P\u00e1gina de los t\u00e9rminos y condiciones de la reserva y estancia en la Caseta dels Prats.\",\"breadcrumb\":{\"@id\":\"https:\/\/lacasetadelsprats.com\/es\/termes-i-condicions\/#breadcrumb\"},\"inLanguage\":\"es\",\"potentialAction\":[{\"@type\":\"ReadAction\",\"target\":[\"https:\/\/lacasetadelsprats.com\/es\/termes-i-condicions\/\"]}]},{\"@type\":\"BreadcrumbList\",\"@id\":\"https:\/\/lacasetadelsprats.com\/es\/termes-i-condicions\/#breadcrumb\",\"itemListElement\":[{\"@type\":\"ListItem\",\"position\":1,\"name\":\"Inici\",\"item\":\"https:\/\/lacasetadelsprats.com\/es\/\"},{\"@type\":\"ListItem\",\"position\":2,\"name\":\"T\u00e9rminos y condiciones\"}]},{\"@type\":\"WebSite\",\"@id\":\"https:\/\/lacasetadelsprats.com\/es\/#website\",\"url\":\"https:\/\/lacasetadelsprats.com\/es\/\",\"name\":\"La Caseta dels Prats\",\"description\":\"Casa rural a Capolat, Bergued\u00e0\",\"publisher\":{\"@id\":\"https:\/\/lacasetadelsprats.com\/es\/#organization\"},\"alternateName\":\"La Caseta dels Prats\",\"potentialAction\":[{\"@type\":\"SearchAction\",\"target\":{\"@type\":\"EntryPoint\",\"urlTemplate\":\"https:\/\/lacasetadelsprats.com\/es\/?s={search_term_string}\"},\"query-input\":{\"@type\":\"PropertyValueSpecification\",\"valueRequired\":true,\"valueName\":\"search_term_string\"}}],\"inLanguage\":\"es\"},{\"@type\":\"Organization\",\"@id\":\"https:\/\/lacasetadelsprats.com\/es\/#organization\",\"name\":\"La Caseta dels Prats\",\"alternateName\":\"La Caseta dels Prats\",\"url\":\"https:\/\/lacasetadelsprats.com\/es\/\",\"logo\":{\"@type\":\"ImageObject\",\"inLanguage\":\"es\",\"@id\":\"https:\/\/lacasetadelsprats.com\/es\/#\/schema\/logo\/image\/\",\"url\":\"https:\/\/lacasetadelsprats.com\/wp-content\/uploads\/2024\/11\/logo.png\",\"contentUrl\":\"https:\/\/lacasetadelsprats.com\/wp-content\/uploads\/2024\/11\/logo.png\",\"width\":400,\"height\":61,\"caption\":\"La Caseta dels Prats\"},\"image\":{\"@id\":\"https:\/\/lacasetadelsprats.com\/es\/#\/schema\/logo\/image\/\"}}]}<\/script>\n<!-- \/ Yoast SEO plugin. -->","yoast_head_json":{"title":"T\u00e9rminos y condiciones | La Caseta dels Prats","description":"P\u00e1gina de los t\u00e9rminos y condiciones de la reserva y estancia en la Caseta dels Prats.","robots":{"index":"index","follow":"follow","max-snippet":"max-snippet:-1","max-image-preview":"max-image-preview:large","max-video-preview":"max-video-preview:-1"},"canonical":"https:\/\/lacasetadelsprats.com\/es\/termes-i-condicions\/","og_locale":"es_ES","og_type":"article","og_title":"T\u00e9rminos y condiciones | La Caseta dels Prats","og_description":"P\u00e1gina de los t\u00e9rminos y condiciones de la reserva y estancia en la Caseta dels Prats.","og_url":"https:\/\/lacasetadelsprats.com\/es\/termes-i-condicions\/","og_site_name":"La Caseta dels Prats","article_modified_time":"2025-07-31T07:59:06+00:00","og_image":[{"width":400,"height":61,"url":"https:\/\/lacasetadelsprats.com\/wp-content\/uploads\/2024\/11\/logo.png","type":"image\/png"}],"twitter_card":"summary_large_image","twitter_misc":{"Tiempo de lectura":"1 minuto"},"schema":{"@context":"https:\/\/schema.org","@graph":[{"@type":"WebPage","@id":"https:\/\/lacasetadelsprats.com\/es\/termes-i-condicions\/","url":"https:\/\/lacasetadelsprats.com\/es\/termes-i-condicions\/","name":"T\u00e9rminos y condiciones | La Caseta dels Prats","isPartOf":{"@id":"https:\/\/lacasetadelsprats.com\/es\/#website"},"datePublished":"2024-12-12T09:58:44+00:00","dateModified":"2025-07-31T07:59:06+00:00","description":"P\u00e1gina de los t\u00e9rminos y condiciones de la reserva y estancia en la Caseta dels Prats.","breadcrumb":{"@id":"https:\/\/lacasetadelsprats.com\/es\/termes-i-condicions\/#breadcrumb"},"inLanguage":"es","potentialAction":[{"@type":"ReadAction","target":["https:\/\/lacasetadelsprats.com\/es\/termes-i-condicions\/"]}]},{"@type":"BreadcrumbList","@id":"https:\/\/lacasetadelsprats.com\/es\/termes-i-condicions\/#breadcrumb","itemListElement":[{"@type":"ListItem","position":1,"name":"Inici","item":"https:\/\/lacasetadelsprats.com\/es\/"},{"@type":"ListItem","position":2,"name":"T\u00e9rminos y condiciones"}]},{"@type":"WebSite","@id":"https:\/\/lacasetadelsprats.com\/es\/#website","url":"https:\/\/lacasetadelsprats.com\/es\/","name":"La Caseta dels Prats","description":"Casa rural a Capolat, Bergued\u00e0","publisher":{"@id":"https:\/\/lacasetadelsprats.com\/es\/#organization"},"alternateName":"La Caseta dels Prats","potentialAction":[{"@type":"SearchAction","target":{"@type":"EntryPoint","urlTemplate":"https:\/\/lacasetadelsprats.com\/es\/?s={search_term_string}"},"query-input":{"@type":"PropertyValueSpecification","valueRequired":true,"valueName":"search_term_string"}}],"inLanguage":"es"},{"@type":"Organization","@id":"https:\/\/lacasetadelsprats.com\/es\/#organization","name":"La Caseta dels Prats","alternateName":"La Caseta dels Prats","url":"https:\/\/lacasetadelsprats.com\/es\/","logo":{"@type":"ImageObject","inLanguage":"es","@id":"https:\/\/lacasetadelsprats.com\/es\/#\/schema\/logo\/image\/","url":"https:\/\/lacasetadelsprats.com\/wp-content\/uploads\/2024\/11\/logo.png","contentUrl":"https:\/\/lacasetadelsprats.com\/wp-content\/uploads\/2024\/11\/logo.png","width":400,"height":61,"caption":"La Caseta dels Prats"},"image":{"@id":"https:\/\/lacasetadelsprats.com\/es\/#\/schema\/logo\/image\/"}}]}},"_links":{"self":[{"href":"https:\/\/lacasetadelsprats.com\/es\/wp-json\/wp\/v2\/pages\/11931","targetHints":{"allow":["GET"]}}],"collection":[{"href":"https:\/\/lacasetadelsprats.com\/es\/wp-json\/wp\/v2\/pages"}],"about":[{"href":"https:\/\/lacasetadelsprats.com\/es\/wp-json\/wp\/v2\/types\/page"}],"author":[{"embeddable":true,"href":"https:\/\/lacasetadelsprats.com\/es\/wp-json\/wp\/v2\/users\/1"}],"replies":[{"embeddable":true,"href":"https:\/\/lacasetadelsprats.com\/es\/wp-json\/wp\/v2\/comments?post=11931"}],"version-history":[{"count":5,"href":"https:\/\/lacasetadelsprats.com\/es\/wp-json\/wp\/v2\/pages\/11931\/revisions"}],"predecessor-version":[{"id":12735,"href":"https:\/\/lacasetadelsprats.com\/es\/wp-json\/wp\/v2\/pages\/11931\/revisions\/12735"}],"wp:attachment":[{"href":"https:\/\/lacasetadelsprats.com\/es\/wp-json\/wp\/v2\/media?parent=11931"}],"curies":[{"name":"wp","href":"https:\/\/api.w.org\/{rel}","templated":true}]}}

Términos y condiciones

<div data-elementor-type="wp-page" data-elementor-id="11931" class="elementor elementor-11931 elementor-10437" data-elementor-post-type="page">
				<div class="elementor-element elementor-element-bc7d31f e-flex e-con-boxed elementor-invisible e-con e-parent" data-id="bc7d31f" data-element_type="container" data-settings="{&quot;animation&quot;:&quot;fadeIn&quot;}">
					<div class="e-con-inner">
				<div class="elementor-element elementor-element-d38d947 elementor-widget elementor-widget-heading" data-id="d38d947" data-element_type="widget" data-widget_type="heading.default">
				<div class="elementor-widget-container">
					<h2 class="elementor-heading-title elementor-size-default">Términos y condiciones</h2>				</div>
				</div>
				<div class="elementor-element elementor-element-f501ad3 elementor-widget elementor-widget-text-editor" data-id="f501ad3" data-element_type="widget" data-widget_type="text-editor.default">
				<div class="elementor-widget-container">
									<p><strong>Reservas:</strong> Se pedirá una paga y señal del 20% en el momento de la reserva. El 80% restante se pagará en efectivo a su llegada.</p><p>El cheque regalo que aparece en la web no tiene ninguna validez si no se efectúa una reserva aparte.</p><p><strong>Entrada: </strong>a partir de las 17:00.</p><p>Precios: consulte precios en el calendario o en info@lacasetadelsprats.com. Precios con IVA y tasa turística incluidos.</p><p>La Caseta dels Prats se reserva el derecho a modificar las fechas de la reserva si por condiciones climatológicas extremas el acceso a la Caseta dels Prats se ve restringido.</p><p>La empresa no se hace responsable de accidentes personales que puedan derivarse del mal uso de las instalaciones o de accidentes que puedan ocurrir durante la estancia o en la participación en talleres. La empresa tampoco se hace responsable de hurtos o robos de objetos de valor en nuestras instalaciones.</p>								</div>
				</div>
					</div>
				</div>
				</div>

<p>Términos y condiciones Reservas: Se pedirá una paga y señal del 20% en el momento de la reserva. El 80% restante&#8230; <span class="knsl-el-more"><a href="https://lacasetadelsprats.com/es/termes-i-condicions/" class="knsl-btn">Read more<span class="screen-reader-text">Read more&nbsp;Términos y condiciones</span></a></span></p>

<!-- This site is optimized with the Yoast SEO plugin v24.5 - https://yoast.com/wordpress/plugins/seo/ -->
<title>Términos y condiciones | La Caseta dels Prats</title>
<meta name="description" content="Página de los términos y condiciones de la reserva y estancia en la Caseta dels Prats." />
<meta name="robots" content="index, follow, max-snippet:-1, max-image-preview:large, max-video-preview:-1" />
<link rel="canonical" href="https://lacasetadelsprats.com/es/termes-i-condicions/" />
<meta property="og:locale" content="es_ES" />
<meta property="og:type" content="article" />
<meta property="og:title" content="Términos y condiciones | La Caseta dels Prats" />
<meta property="og:description" content="Página de los términos y condiciones de la reserva y estancia en la Caseta dels Prats." />
<meta property="og:url" content="https://lacasetadelsprats.com/es/termes-i-condicions/" />
<meta property="og:site_name" content="La Caseta dels Prats" />
<meta property="article:modified_time" content="2025-07-31T07:59:06+00:00" />
<meta property="og:image" content="https://lacasetadelsprats.com/wp-content/uploads/2024/11/logo.png" />
	<meta property="og:image:width" content="400" />
	<meta property="og:image:height" content="61" />
	<meta property="og:image:type" content="image/png" />
<meta name="twitter:card" content="summary_large_image" />
<meta name="twitter:label1" content="Tiempo de lectura" />
	<meta name="twitter:data1" content="1 minuto" />
<script type="application/ld+json" class="yoast-schema-graph">{"@context":"https://schema.org","@graph":[{"@type":"WebPage","@id":"https://lacasetadelsprats.com/es/termes-i-condicions/","url":"https://lacasetadelsprats.com/es/termes-i-condicions/","name":"Términos y condiciones | La Caseta dels Prats","isPartOf":{"@id":"https://lacasetadelsprats.com/es/#website"},"datePublished":"2024-12-12T09:58:44+00:00","dateModified":"2025-07-31T07:59:06+00:00","description":"Página de los términos y condiciones de la reserva y estancia en la Caseta dels Prats.","breadcrumb":{"@id":"https://lacasetadelsprats.com/es/termes-i-condicions/#breadcrumb"},"inLanguage":"es","potentialAction":[{"@type":"ReadAction","target":["https://lacasetadelsprats.com/es/termes-i-condicions/"]}]},{"@type":"BreadcrumbList","@id":"https://lacasetadelsprats.com/es/termes-i-condicions/#breadcrumb","itemListElement":[{"@type":"ListItem","position":1,"name":"Inici","item":"https://lacasetadelsprats.com/es/"},{"@type":"ListItem","position":2,"name":"Términos y condiciones"}]},{"@type":"WebSite","@id":"https://lacasetadelsprats.com/es/#website","url":"https://lacasetadelsprats.com/es/","name":"La Caseta dels Prats","description":"Casa rural a Capolat, Berguedà","publisher":{"@id":"https://lacasetadelsprats.com/es/#organization"},"alternateName":"La Caseta dels Prats","potentialAction":[{"@type":"SearchAction","target":{"@type":"EntryPoint","urlTemplate":"https://lacasetadelsprats.com/es/?s={search_term_string}"},"query-input":{"@type":"PropertyValueSpecification","valueRequired":true,"valueName":"search_term_string"}}],"inLanguage":"es"},{"@type":"Organization","@id":"https://lacasetadelsprats.com/es/#organization","name":"La Caseta dels Prats","alternateName":"La Caseta dels Prats","url":"https://lacasetadelsprats.com/es/","logo":{"@type":"ImageObject","inLanguage":"es","@id":"https://lacasetadelsprats.com/es/#/schema/logo/image/","url":"https://lacasetadelsprats.com/wp-content/uploads/2024/11/logo.png","contentUrl":"https://lacasetadelsprats.com/wp-content/uploads/2024/11/logo.png","width":400,"height":61,"caption":"La Caseta dels Prats"},"image":{"@id":"https://lacasetadelsprats.com/es/#/schema/logo/image/"}}]}</script>
<!-- / Yoast SEO plugin. -->

Términos y condiciones | La Caseta dels Prats

Página de los términos y condiciones de la reserva y estancia en la Caseta dels Prats.

Casa rural a Capolat, Berguedà
